 4*(8/y + 0).
7
Suppose 164 = 2*i + j, 3*j - j = -5*i + 412. Suppose -74 - 113 = -11*l. What is the remainder when i is divided by l?
16
Suppose -340 = -5*v + 28735. Suppose 0 = 28*n - 597 - v. What is the remainder when n is divided by 10?
9
Let l(i) = 124*i**2 + 46*i - 38. Calculate the remainder when 673 is divided by l(1).
13
Suppose 3654 = -10*w + 31*w. Suppose 41 - w = -a. Let g = a - 119. What is the remainder when g is divided by 6?
2
Let h be ((-58)/7 + 3)*-7. Suppose 47 = 7*x - h. What is the remainder when 31 is divided by x?
7
Let s(n) = -29*n - 5. Suppose -6 = 3*y + 3*i, 0 = -2*y - y + 5*i + 10. Suppose y = -5*z - 8*z - 39. Calculate the remainder when s(z) is divided by 11.
5
Calculate the remainder when 392 is divided by (1050/(-56))/(1/(4/(-3))).
17
Suppose -5*n + 2024 = -s - 447, 3950 = 8*n - s. What is the remainder when n is divided by 14?
3
Let y = 994 + -1444. Let p = y - -613. Suppose -5*n + 164 = d, -2*n = 2*d - 5*d - 69. What is the remainder when p is divided by n?
31
What is the remainder when 2876 is divided by -120 + 123 + ((-2)/(-7) - (-2955)/21)?
140
Let d = -13125 + 13379. Calculate the remainder when d is divided by 24.
14
Let r(w) = 2*w**3 - 56*w + 168. What is the remainder when r(0) is divided by 72?
24
Let c = 246 + -46. Suppose 202*l - c*l - 64 = 0. What is the remainder when 90 is divided by l?
26
Let p(j) = j**2 - 5*j + 10. Suppose -31379*c - 532 = -31393*c. Calculate the remainder when c is divided by p(8).
4
Let x(l) = 4*l**2 + 114*l + 47. Calculate the remainder when x(-39) is divided by 836.
13
Let j(g) = 20*g**3 - 4*g**2 - 6*g + 17. Let r = 40 + -23. Calculate the remainder when j(2) is divided by r.
13
Let r(w) = 2*w**3 - 58*w**2 - 118*w - 43. Calculate the remainder when r(31) is divided by ((-10)/4)/(7/(-70)).
18
Let y be (-1)/(-6) - (0 + 1641/18). Let b = 124 + y. Let p = 9 - 0. What is the remainder when b is divided by p?
6
Let g(x) = x**3 - 7*x**2 - 9*x + 12. Let v be g(8). Suppose 2*w - 98 = -u + 2*u, -v*w + 188 = -4*u. What is the remainder when w is divided by 18?
15
Calculate the remainder when 1844/(-6)*(69/(-6) - -7) is divided by 459.
6
Let t = 19612 + -19581. What is the remainder when 697 is divided by t?
15
Let f = 15445 + -15435. Calculate the remainder when 2 + 2 + 32 + 2 is divided by f.
8
Let g(f) be the first derivative of f**4/4 + f**3 - 23*f**2/2 - 5*f + 111. Calculate the remainder when 75 is divided by g(-6).
0
Let t = 69 - 46. Let b be ((-459)/81)/(2/(-6)). Suppose -2*i + 2*u + 2 = 0, -5*i - 4*u = -b - 15. What is the remainder when t is divided by i?
3
Let o(p) = -61*p + 41. Let g be o(-4). Let s = g + -252. Calculate the remainder when 227 is divided by s.
29
Let f(z) = 2*z**3 - z**2 + 8*z + 7. Let y be f(-1). Let w(s) = 4*s**2 + 23*s + 53. Calculate the remainder when 75 is divided by w(y).
0
Let q = 2779 + -1380. Suppose -q = -19*s + 2078. What is the remainder when s is divided by 47?
42
Suppose -6*c - 8*c + 1046 + 18 = 0. Let i(y) = 7*y - 8. What is the remainder when c is divided by i(6)?
8
Let l(r) = -277*r - 643. Calculate the remainder when l(-3) is divided by 164.
24
Suppose d - 4*u - 18 = 0, 0 = -4*d - 8*u + 3*u - 12. Suppose -24 = -l - 5*x, 0 = -2*x - d. Calculate the remainder when 111 is divided by l.
24
Let d(z) be the second derivative of z**3/6 + 16*z**2 + 21*z. Let l be d(8). Calculate the remainder when 118 is divided by (-5 - (-168)/l)/(1/(-30)).
22
Suppose -20*i - 4*b = -17*i - 1141, 16 = 4*b. Let s = i + -288. Calculate the remainder when s is divided by 31.
25
Let s = 356 + -361. Let d(g) = -21 - 3*g + 9 - 8*g. What is the remainder when 127 is divided by d(s)?
41
Let y = 24405 + -24392. Calculate the remainder when 6807 is divided by y.
8
Suppose 2*y - 16 = -2*b, 5*y = y - 3*b + 27. Let s = -23 + 41. Suppose -l + 40 = s. Calculate the remainder when l is divided by y.
1
Let q = -96 + 138. Calculate the remainder when 3/63 + (-26020)/(-420) is divided by q.
20
Suppose 12*i = 30*i + 2556. Let x = i + 147. Calculate the remainder when 55 is divided by x.
0
Let i(u) = u**3 + 5*u**2 - u - 7. Calculate the remainder when (-478)/(-7) - 6/21 is divided by i(-3).
12
Let u be 792/(7 + -3)*1. What is the remainder when -210*(4 + 2)/(-12) is divided by (3/(-6))/((-9)/u)?
6
Suppose 0 = -p + 2*p - 21. Let u be (-19*(5 - 4))/(0 + -1). Suppose -u + 133 = 19*j. What is the remainder when p is divided by j?
3
Let l = 38 - -6. Suppose 7303 - 7373 = -5*n. Calculate the remainder when l is divided by n.
2
Let f = -1258 - -1267. Suppose -4*t + 9 = -23. Calculate the remainder when (-1662)/(-24) + (-1 - f/(-12)) is divided by t.
5
Suppose -161*t = -190*t + 658*t - 238391. Calculate the remainder when t is divided by 35.
29
Suppose 26 = -6*v - 52. Let l(w) = 2*w**3 + 26*w**2 - w. Calculate the remainder when 79 is divided by l(v).
1
Let g(m) = -183*m**3 - 7*m**2 - 2*m + 6. What is the remainder when g(-1) is divided by 20?
4
Suppose -20*k = -68*k + 15312. What is the remainder when k is divided by 46?
43
Let o = 7739 + -7732. Let a = -9 + 75. Calculate the remainder when a is divided by o.
3
Suppose 14*i = -a + 15*i + 48, 0 = -5*a + i + 248. Calculate the remainder when 397/1 - (2 + -4) is divided by a.
49
Let c = 26 - 23. Suppose 5 + 7 = c*n. Calculate the remainder when 26 is divided by 0/((-4)/n) - -7.
5
Suppose 0 = 328*b - 333*b + 1030. Let c = 211 - b. Let p(j) = j**3 - 3*j**2 - 2*j - 3. Calculate the remainder when c is divided by p(4).
0
Suppose 0 = -4*j + 6*j + 4*f - 456, -3*j + f + 670 = 0. What is the remainder when j is divided by 209?
15
Suppose -380 = -246*b + 244*b - 4*l, 155 = b - 3*l. What is the remainder when 473 is divided by b?
121
Suppose -31*c + 2112 + 7002 = 0. What is the remainder when 1456 is divided by c?
280
Let o(r) = r**3 + 7*r**2 - 4*r - 5. Let u = 377 - 375. Suppose -4*b - u*s + 64 = 0, -b - 4*s = -28 + 5. Calculate the remainder when o(-6) is divided by b.
10
Let u = -52 + 121. Suppose 6*z + 5*m = z - 95, m - 1 = 0. Calculate the remainder when u is divided by 3 - (-3)/((-12)/z).
5
Suppose 3*u + 19 = r, 2*r + u = -2*r + 37. Suppose 7*x = -r*x + 289. Calculate the remainder when 165 is divided by x.
12
Suppose 0 = -l + 12*l + 913. Let d = l - -120. Let k(g) = 3*g - 8. What is the remainder when d is divided by k(6)?
7
Suppose -9*o - 18315 = -64*o. Let v = o - 277. What is the remainder when 334 is divided by v?
54
Suppose 3*g = 5*l + 35, 16 = -l - 3*l. Suppose -4*d + 45 = g*d. Suppose -7 = -d*m - 32, -3*m - 43 = -2*u. What is the remainder when 95 is divided by u?
11
Suppose -5*f + 164 = -2*l, 29 = 4*f - 3*l - 98. Suppose -12*a - 484 = -f*a. What is the remainder when 36 is divided by a?
14
Let m(v) = -62*v + 1358. What is the remainder when 1199 is divided by m(17)?
287
Calculate the remainder when 165 is divided by 0 + 9/6 + 2475/150.
3
Suppose 2*w - 312 = 2*v, 0 = -w - v - 0*v + 162. Calculate the remainder when w is divided by 24.
15
Let n be (1*-2)/(28/322). Let f = -13 - n. What is the remainder when 2*(-2)/(-8)*58 is divided by f?
9
Let j(t) = -t**3 + 8*t**2 - 5*t + 3. Suppose 0 = -2*k - 4, 0 = 2*b + 2*b - 2*k + 472. Let g = b + 131. Calculate the remainder when j(6) is divided by g.
9
Suppose -222 = -38*b - 79 + 85. Calculate the remainder when 306 is divided by b.
0
Let w(k) = 2*k + 3. Let u be w(-3). Let a be -3 - (-157 + 5 + u). What is the remainder when 74 is divided by ((-3)/(-2))/(12/a)?
17
Suppose 24*t - 28729 = -5*t + 8768. What is the remainder when t is divided by 48?
45
Let r(p) = 65*p + 1657. What is the remainder when 4557 is divided by r(-24)?
95
Suppose -19*v = -0*v. Suppose v = 21*o - 1710 - 180. Suppose 86 = 5*y + 21. Calculate the remainder when o is divided by y.
12
Let q be (-6)/(-2) + (52 - 4). Let a be 1218/q - 4/(-34). Suppose -22 = -y - 4*o, 2*y = -5*o + 2*o + a. Calculate the remainder when 20 is divided by y.
2
Suppose 117*d + 1241 = 13292. Suppose 114 = -0*i + 2*i. What is the remainder when d is divided by i?
46
Suppose 410 = 7*c - 570. Calculate the remainder when c/15 - (-1)/(-3) is divided by 3.
0
Suppose -94*w + 1442 = -438. Suppose 5*v + 123 = 13. Let y = -11 - v. Calculate the remainder when w is divided by y.
9
Let m = 9822 + -9499. What is the remainder when m is divided by 133?
57
Suppose 4*